the units digit of v - 0 - (-16 - -9)?
5
Suppose 13*o - 9925 = -3789. What is the hundreds digit of o?
4
Suppose -4*m = -7*m. Let t = 5 + m. Suppose -4*r + 13 + 41 = p, t*r + 2*p - 69 = 0. What is the units digit of r?
3
Let b(c) = -9*c - 12. Let l be b(4). Let o = -25 - l. What is the units digit of o?
3
Suppose 19*k - 18*k - 487 = 0. What is the units digit of k?
7
What is the tens digit of (-86)/(-10)*(13 + -8)?
4
Let b(v) = -6*v - 2. Let z be b(-1). Suppose -k + 13 = -5*n, -z = -k + 3*n - 7*n. What is the units digit of k?
8
Let b = -391 - -1054. What is the units digit of b?
3
Suppose 3*b - 3 = 6. Suppose 0 = 4*v + 8, w - b*v - 74 = -w. Let m = w + -11. What is the units digit of m?
3
Let x be 94/6 + (-2)/3. Suppose x*g - 7*g = 232. What is the units digit of g?
9
Let g(h) = -2*h**2 + 22*h - 8. Let m be g(9). Let x = m + 57. What is the units digit of x?
5
What is the hundreds digit of 3/4*(-653380)/(-195)?
5
What is the tens digit of (-4)/(8 + -7 - (-1569)/(-1563))?
4
Suppose s + 4 = -5*v - 0*s, 2*s = 4*v - 8. Let q = v + 5. What is the units digit of q?
5
Let y = 4210 - 2640. What is the hundreds digit of y?
5
Let z(h) = 2*h**2 - 9*h - 6. Let k(v) = -5*v - 9. Let x be k(-8). Suppose 11 = 6*i - x. What is the tens digit of z(i)?
2
Let t(u) = u - 9. Let p be t(10). Suppose 0 = -2*w - j + 149, -3*j + 14 + p = 0. What is the units digit of w?
2
Suppose -5*x = 212 - 82. Let j = 62 - x. What is the tens digit of j?
8
Let z be 2*(0 + (-11)/2). Let j = z - -26. Suppose -5*v + j = 5. What is the units digit of v?
2
Let n(p) = 17*p**3 + 4*p**2 - 8*p + 1. What is the hundreds digit of n(3)?
4
Suppose 5*w + 4*q = 12, -16 = -5*w - 2*q - 0*q. Let r = 243 + -123. Suppose w*p - r = -2*p. What is the tens digit of p?
2
Let u be (-171)/(-33) + ((-2)/11)/1. Suppose 0 = r - u*r + 60. What is the tens digit of r?
1
Suppose 0 = -74*k + 76*k - 308. What is the hundreds digit of k?
1
Let m(h) = -1 - 6*h - 4 - 5*h**2 - h**3 - 1. Suppose -l - 2*j - 12 = 0, -37*l + 30 = -41*l - 2*j. What is the tens digit of m(l)?
6
Suppose -2*m - 2*h + 5426 = 0, 23*h = 19*h - 12. What is the thousands digit of m?
2
Suppose -581 = -11*k + 5568. What is the hundreds digit of k?
5
Let a = -13 - -27. Suppose a*t = 11*t + 576. What is the tens digit of t?
9
Let c(z) = 5*z**3 - z**2 + z. Let n be (-24)/6 - (-1 - 5). What is the tens digit of c(n)?
3
Suppose -153*v - 1547 = -160*v. What is the units digit of v?
1
Let x(a) = -a**3 + 8*a**2 + 6*a - 10. Let v(h) = h**3 - 8*h**2 - 6*h + 9. Let m(d) = -4*v(d) - 3*x(d). What is the units digit of m(7)?
5
Let t = -779 - -1407. What is the units digit of t?
8
Let y be ((-6)/(-8) - (0 - 1))*4. Let j(w) = w**2 - 4*w - 18. What is the units digit of j(y)?
3
Suppose 7*h - 2*h - 5*i = 5045, 2000 = 2*h + 4*i. What is the hundreds digit of h?
0
Let t(q) = q + 9. Let j be t(-6). Suppose -d - 14 = x, -j*x - 2*d = 2*x + 85. Let b = -6 - x. What is the units digit of b?
3
Let w(a) = -a**2 + 8*a. Let b be w(8). Suppose -2*u + b*x + 420 = -2*x, -5*u = -3*x - 1054. Suppose -7*r = -306 - u. What is the units digit of r?
4
Let g = 782 - 743. Let d be 14/8 + (-1)/(-4). Suppose g = d*v - v. What is the units digit of v?
9
What is the units digit of 300*(-10)/(-4) - (30 - 26)?
6
Suppose -q + 6*q = -65. Let c = q + 30. Let l = c - 6. What is the units digit of l?
1
Let m = -104 - -219. Let y = 182 - m. What is the units digit of y?
7
Suppose 4*h - 19 = -5*m - 1, 0 = -5*m + 4*h + 2. Suppose 4*k = 4*x + 88, 5*x - x + 54 = m*k. What is the units digit of k?
7
Let x be (3 - 20/8)*0. Let z be (x + 0)*2/(-4). Suppose z = g + 4 - 22. What is the units digit of g?
8
Let k(v) = 2*v**2 + 4*v + 765. What is the hundreds digit of k(0)?
7
Let x(g) = 81*g + 4. Let u be 2 - ((-10)/(-80) + 9/(-8)). What is the hundreds digit of x(u)?
2
Let l(q) = -180*q**2. Let d be l(-1). Let n = -83 - d. Let j = n + -68. What is the units digit of j?
9
Suppose x + 40 = -49. Let r = x + 145. Suppose -4*n + 2*p + 130 = p, 2*n - r = 5*p. What is the tens digit of n?
3
Let n be -1 - (0/(-1) - 3). Suppose 5*p + n*b - 117 = b, -5*b = -3*p + 87. Suppose 2*h = -r + p - 0, 5*r - 3*h = 94. What is the tens digit of r?
2
Let r = 1566 - 0. What is the tens digit of r?
6
Suppose -2*o + 3*v = -7053, 81*v - 84*v + 14115 = 4*o. What is the thousands digit of o?
3
Suppose 3*r - 3*o = 744 + 4251, 5*o = -r + 1683. What is the thousands digit of r?
1
Let z(w) = -w**3 - 5*w**2 - 2*w + 8. Let n be z(-7). Let m = 27 + -21. What is the units digit of (3/m)/(5/n)?
2
Suppose 4*a = -n + 678, -5*a + 2*a + 2660 = 4*n. What is the tens digit of n?
6
Let b(j) = j. Let i(r) = 1. Let q(k) = -2*b(k) - 3*i(k). Let d be q(-5). Let l = d - -3. What is the tens digit of l?
1
Suppose -3*x + 3*h = 99, -h + 5*h = -4*x - 140. Let w = -32 - x. Suppose 2*m + 72 = w*v, 3*v + 2*m - 133 = -0*v. What is the units digit of v?
1
Let q be 40/15*((-10)/(-4) - 1). Suppose -t + q*p + 85 = -35, -93 = -t - 5*p. What is the tens digit of t?
0
Suppose 0 = -16*k + 657 + 127. What is the units digit of k?
9
Suppose 2*n - 6*m - 1352 = -4*m, 0 = 3*n - m - 2020. Suppose h - n = -5*h. What is the units digit of h?
2
Suppose -g = 5*p - 103, -5*g - p = -5*p - 544. Suppose -2*o = 5*f - g, 4*f - o = 3*f + 23. Suppose f = 3*y - 2*y. What is the units digit of y?
2
Suppose 51 - 2217 = -19*r. What is the hundreds digit of r?
1
Suppose 390 = -3*x + 4*x. Suppose 19*t - x = 16*t. Suppose 2*i + i = -2*o + t, 0 = 4*i - o - 177. What is the units digit of i?
4
What is the units digit of (5 - 23)*(-7)/(28/72)?
4
Let k(r) = -r - 11. Let x(l) = l + 1. Let w(b) = -k(b) - 5*x(b). What is the units digit of w(-3)?
8
Suppose 414*g + 4070 = 419*g. What is the hundreds digit of g?
8
Let o(u) = 50*u - 1. Let t(s) = s**2 + 3*s - 3. Let f be t(-4). What is the tens digit of o(f)?
4
Suppose -5*s + 5*z = -8935, -4*z = -2*s + 4067 - 501. What is the hundreds digit of s?
7
Let r(n) be the first derivative of 7*n**4/4 + 3*n**2 - 6*n + 5. Let t be r(3). Suppose 0 = x + 3, 4*d + 2*x - t = -3*x. What is the tens digit of d?
5
Suppose -24 = -5*h - c, c + 4 = -3*c. Let f = -3 + 3. Suppose f = h*l - 173 - 7. What is the units digit of l?
6
Let t = 2 + 0. Suppose 5*i - 3*w = 359, t*i = 3*i + 3*w - 61. Suppose -4*p = -46 - i. What is the tens digit of p?
2
Let o = -4 + 45. Let n = 25 - o. Let i = n + 48. What is the units digit of i?
2
Let c be (-16)/(-6)*33/22. What is the units digit of 6/(-3)*(-21 + c)?
4
Let b = -19 - -174. Suppose -527 + b = -4*r. Suppose 2*t = -27 + r. What is the units digit of t?
3
Suppose -2*v + 168 = 2*v. Suppose 3*z + 0 = v. What is the units digit of (-3)/(-6) - (-329)/z?
4
What is the units digit of 5960/15 - 16/(-24)?
8
Let l be ((-99)/44)/(374/(-368) - -1). Suppose -14 - l = -2*j. What is the tens digit of j?
7
Suppose 3*i = 3*u - 60, i - 14 = -u - i. Let m be (2/3)/(6/u). Suppose -m*j = -0*j - 28. What is the tens digit of j?
1
Let x(d) = -322*d - 6. What is the hundreds digit of x(-5)?
6
Suppose -12*f - 6*f = -7434. What is the tens digit of f?
1
Let f(r) = -r**3 + 5*r**2 + 10*r - 14. Suppose 6*q = 10 + 26. What is the tens digit of f(q)?
1
What is the units digit of 5 - (2 + (-2264)/4)?
9
Let x(b) = b**2 - b - 3. Suppose -5*i + 0*j - 3*j = -6, -4*j + 3 = 5*i. Let r be x(i). Suppose 0 = 5*s - 3*p - 142, 3*p - r = -15. What is the units digit of s?
6
What is the tens digit of (30859/33 - (-12)/22)*3?
0
Suppose -w + 2*k + 500 = 0, -4*k - 3 + 7 = 0. What is the tens digit of w?
0
Let y(x) = -x**3 + 27*x**2 - 17*x - 24. What is the hundreds digit of y(10)?
5
Let c(v) = -107*v - 339. What is the units digit of c(-7)?
0
Let o = 3 + 36. Suppose -4*d + 20 = -4*a + 8, 3*d + 3*a - o = 0. What is the units digit of d?
8
Let h(d) = 108*d**2 + 2*d - 3. What is the hundreds digit of h(7)?
3
Suppose -2*w = -0*w + 12. Suppose 6*s - 17 + 23 = 0. What is the tens digit of (w - -2) + (-44)/s?
4
Let j be (((-309)/(-4))/1)/((-37)/296). Let t = -343 - j. What is the tens digit of t?
7
What is the units digit of (-3)/(24/(-14785)) - 8/64?
8
Let l be 2*(0 - (-2 + 1)). Suppose -46 = -l*w + 84. What is the tens digit of w?
6
Let r(d) be the first derivative of 6*d**2 + 5*d - 6. What is the tens digit of r(5)?
6
Let f be 10/2 - (216 + 32). What is the units digit of 6/12*(5 - f)?
4